git of b?
3
Let a = 1 - 3. Let b = a - -4. Suppose -q - 4 = -3*j + 4*q, -b*j + 4*q = 0. What is the units digit of j?
8
Let g = 13 - 3. Let n(o) = 25*o**3 + o**2 + 2*o + 1. Let b be n(-1). What is the units digit of (g/b)/(2/(-60))?
2
Let k = -50 - -71. What is the units digit of k?
1
Suppose 4*j = -4*m + 84, 2*j + 3*m = 4*m + 54. Suppose j = 3*x - 17. What is the units digit of x?
4
What is the units digit of (-2 - -3)/(2/34)?
7
Let l(c) = c**3 - 7*c**2 - 9*c + 1. What is the tens digit of l(9)?
8
Suppose -5*h = 5*m - 30, -4*h + 37 = -4*m - 27. Let f = -25 + 18. Let j = h + f. What is the units digit of j?
4
Let x be (-2)/6 + 73/3. Suppose -18 = -w - 2*w. Suppose -w*k = -3*k - x. What is the units digit of k?
8
Let d(x) = -2*x - 15. Let f be d(-10). Suppose f*h = -2*y + 26, -3*y - y = 2*h - 68. What is the tens digit of y?
1
Let q be (1 + -2)*(-27)/(-3). Let j(s) be the second derivative of s**4/12 + 3*s**3/2 + 6*s**2 + s. What is the units digit of j(q)?
2
Let v(t) = t**2 + 5*t - 4. Let j be v(-5). Let z be (6/(-9))/(j/30). Suppose -o - 2*o + 9 = -w, w = z*o - 19. What is the units digit of w?
6
Suppose -12 - 40 = -4*f. What is the units digit of f?
3
Suppose 2*k + 0*r = 3*r - 3, -4*k + 4 = -4*r. Suppose -5*c = -k*c + 36. What is the units digit of c?
6
Suppose 5*s - 124 = 71. What is the tens digit of s?
3
Let t be 6*(1/(-3) - 0). Let v be 1*(t - -17)/3. Suppose 0 = -v*d - 2*z + 38, -d = -z - 0*z - 2. What is the units digit of d?
6
Let j = -72 - -42. Let k = j - -52. Suppose -o - v + 6*v = -k, 16 = o - 2*v. What is the tens digit of o?
1
Let p be 1*1/(-2)*0. Suppose 5*n + a - 154 = p, -30 = n - 2*n - a. Suppose 4*c = 1 + n. What is the units digit of c?
8
Suppose -3*k + 5 + 7 = 0. Suppose 61 = k*t - 15. What is the units digit of t?
9
Suppose n - 10 = -68. What is the units digit of n/(-7) - (-4)/(-14)?
8
Let x(u) = -2*u**3 - u**2 + 3*u - 1. Let s be x(-3). Suppose -2*m = -0*m - 2*f - 14, 4*m - s = -3*f. What is the units digit of m?
8
Let g = -4 - -8. Suppose 5*p - g*p = 22. What is the tens digit of p?
2
What is the units digit of (-25)/(4/(-56)*1)?
0
Let x be 4*1/(-4)*-4. What is the units digit of (-1 - x/2) + 8?
5
Suppose l - 10 = -l. What is the units digit of l?
5
What is the units digit of (-223)/(-9) + (-14)/(-63)?
5
Let p(n) = -4*n + 3. Let j(r) = -2*r + 1. Let w(x) = -5*j(x) + 2*p(x). Let k be w(1). Suppose 0 = 3*a - a, k*f + 3*a = 15. What is the units digit of f?
5
Let u = -13 + -30. Let c = -22 - u. Let f = -11 + c. What is the tens digit of f?
1
Let i = 10 - 7. Let b be -8*-2*(-2)/4. Let g = i - b. What is the tens digit of g?
1
Let b(l) = -5*l + 4. Let a be b(-4). Suppose -5*f = -f + a. What is the units digit of 7/3 - f/(-18)?
2
Suppose -3*i + 2*i = -4*d + 169, 0 = 4*d + 4*i - 144. What is the tens digit of d?
4
Let l(s) = -s**3 + 8*s**2 - 9*s + 8. What is the tens digit of l(6)?
2
Suppose 2 = j - k + 2*k, -5*j + 3*k + 26 = 0. Suppose -3*h = -j + 1, 5*h = 5*b - 170. What is the tens digit of b?
3
Suppose 0 = 5*a - 248 - 72. Suppose -m - a - 57 = -4*v, -5*v = -4*m - 154. What is the tens digit of v?
3
Suppose 4 = 4*n - 4. Suppose -n = m + 23. What is the tens digit of (-5)/m + 128/10?
1
Let d(i) = -i**3 + 2*i**2 - 2*i - 1. Let q be d(2). Let b = q - -8. What is the units digit of b?
3
Let b(h) = 2*h**2 - 9*h - 7. Let y be b(7). Suppose -q + y = 2*i, q + 2*q = -3*i + 42. What is the tens digit of i?
1
Let g = -18 - -21. Suppose 4*c = 2*v, -5*v + 12 = g*c - 1. What is the units digit of c?
1
Let f(j) = 2*j**2 - j + 1. What is the units digit of f(-4)?
7
Let t(p) = -p**2 + 10. Suppose -r - 2*r = 0. What is the tens digit of t(r)?
1
Suppose 4*f - 20 = 8. What is the units digit of f?
7
Let w(x) = -x**2 - 14*x + 4. Let t be w(-14). Suppose -4*h = -t*k - 48 - 136, -k - 148 = -3*h. What is the tens digit of h?
5
Let l = 4 - 4. Suppose l = -3*j + 6*j - 108. What is the units digit of j?
6
Let a(p) = p**2 + 0 - p**2 + 3 + 2*p + p**2. What is the units digit of a(-3)?
6
Suppose -k - 3*g = k - 6, k - 3*g + 6 = 0. Let a = -73 + 87. Suppose 3*c + 2*r + 0*r - 14 = k, 2*c - a = r. What is the units digit of c?
6
What is the tens digit of (-496)/(-10) - (-28)/70?
5
Suppose 3*b = 4*b - 22. What is the units digit of b?
2
Suppose -4*n = 4 - 20. What is the units digit of (n + -3)/((-5)/(-25))?
5
Suppose 2*v + 4*v - 558 = 0. What is the tens digit of v?
9
Let n = 2 + 0. Suppose 9 = 2*b + n*b + 3*f, b - 26 = 4*f. What is the units digit of 4/b - 39/(-9)?
5
Suppose 6*v - 2*v = 0. What is the units digit of 40/5 + (v - 2)?
6
Let b = 50 - 33. What is the tens digit of b?
1
Suppose -16 = -4*n - 4*t, n - 5*n - 5*t + 14 = 0. Suppose 2*v + 144 = n*v. Suppose 4*a + 8 = v. What is the units digit of a?
7
Let w = 574 - 386. What is the hundreds digit of w?
1
Suppose -3*o - 2*o = -20. Suppose 5*q + 3 = -3*k, -q + 2*k + 2 = -6*q. Suppose -2*f + q*f = -5*t + 40, 4*f = -o*t + 60. What is the units digit of t?
0
Let u = 8 - -36. Suppose 4*y + 0*y = u. What is the tens digit of y?
1
Let k = -10 - -13. Suppose 0 = -3*d + 4*v + 32, -k*d = d - 4*v - 40. What is the units digit of d?
8
Suppose 5*w = 6*f - f - 40, 3*w = 12. What is the units digit of f?
2
Suppose -4*l + 27 = 2*n - 5, -2*l = 2. Suppose -n = -5*z + 7. Suppose z*u = 41 + 34. What is the tens digit of u?
1
Let i(v) = -2*v + 6. Let t = 1 + -8. Let c be i(t). Suppose 2*d + 0*d - c = 0. What is the tens digit of d?
1
Let n = 128 + -41. What is the tens digit of n?
8
Suppose 34*l - 32*l - 276 = 0. What is the units digit of l?
8
Suppose -3*x = -6*x + 3*v - 15, x = -2*v + 1. What is the tens digit of 13 - (x - (-2 + 2))?
1
Suppose -2*k = k + 4*c - 44, -c + 45 = 5*k. What is the units digit of k?
8
Suppose 1 + 2 = -2*m - z, 0 = 3*m + 2*z + 6. Suppose -c + r + 4 = m, 0 - 4 = -2*r. Let x(l) = 2*l - 1. What is the tens digit of x(c)?
1
Let v(d) = -2*d + 3*d + 0*d**2 + 4*d**2 + 3 - d**3. What is the units digit of v(4)?
7
Suppose -3*y + 114 = -0*y. What is the units digit of y?
8
Suppose -2*y + 384 = 2*b, 5*y - 224 = -b - 24. What is the units digit of b?
0
Let s be ((-16)/(-3))/((-8)/(-12)). Suppose -3*a - s - 13 = -5*v, 4*v = -4*a + 4. Suppose 0 = -c - 5*j + 26, v*c + 2*c = j + 78. What is the units digit of c?
6
Let r = -194 - -274. Let s = 119 - r. What is the tens digit of s?
3
Let q = -108 + 268. What is the hundreds digit of q?
1
Suppose -4*m = -5*m + 4*f + 50, -2*m - 5*f + 35 = 0. What is the units digit of m?
0
Suppose j = 4*v - 5*v, -3*v - 2*j = 0. Let o be 4/(1*(2 + v)). Suppose -20 = -2*t - o. What is the units digit of t?
9
Let g(y) = 6*y**3 - y + 1. Let c = -8 + 9. What is the units digit of g(c)?
6
Let u(t) = -5*t**3 + t**2 - t - 1. Let y be u(-1). Suppose 0 = -3*a + 42 - y. What is the units digit of a?
2
Let o = 3 + -11. Let x be (-27)/(-3) + 20/5. Let p = o + x. What is the units digit of p?
5
Let s(h) = -3*h**2 + 2 + 2*h - h**2 + 3*h**2 + 2*h. Let r(t) = t - 2. Let k be r(6). What is the units digit of s(k)?
2
Suppose -4 = 2*g - 58. What is the tens digit of g?
2
What is the units digit of 12*(-5)/(-2) + -3?
7
Suppose 4*r = 3*r + 2. Suppose 21 = d + r*d. What is the units digit of d?
7
Let q(u) = 2*u**2 - 21*u + 46. What is the hundreds digit of q(14)?
1
Suppose 3*i + 40 = 181. Let p = 73 - i. What is the units digit of p?
6
Let i(u) = u**3 - 4*u**2 - 3*u - 3. Let a be i(5). Let v = 1 + a. What is the units digit of v?
8
Let t = -53 + 36. Suppose -5*m = -m + 48. Let f = m - t. What is the units digit of f?
5
Let a = -14 + 21. What is the units digit of a?
7
Suppose 0 = 2*p - 4*l + 19 + 15, 7 = -p + 4*l. Let j = -15 - p. Suppose -4*d - f = -18, 0 = 4*d + 4*f - j - 0. What is the units digit of d?
5
Let w = 6 - -135. What is the units digit of w?
1
Let z be -39*3/((-27)/6). Suppose 4*u = z - 2. Suppose 3*j - u*j = -39. What is the tens digit of j?
1
Let r be 1/2 + (-57)/(-6). Let g be (r + -9)/((-1)/(-9)). Suppose 0*f = -f + g. What is the units digit of f?
9
Suppose -4*r + 18 = -r. Let u(z) = z**3 - 5*z**2 - 5*z + 3. What is the units digit of u(r)?
9
Let j(d) = 12*d**2 + 2*d - 1. What is the units digit of j(-2)?
3
Let w = 42 + -8. What is the tens digit of w?
3
Let a = -9 + 6. What is the units digit of a + -1 + 6 - 0?
2
Suppose -10 = 3*g - 4*g. What is the units digit of 2/g + (-445)/(